{"id":429,"date":"2023-03-20T16:55:25","date_gmt":"2023-03-20T15:55:25","guid":{"rendered":"https:\/\/epicerievernazza.fr\/?page_id=429"},"modified":"2024-11-04T18:19:13","modified_gmt":"2024-11-04T17:19:13","slug":"accueil","status":"publish","type":"page","link":"https:\/\/epicerievernazza.fr\/","title":{"rendered":"Accueil"},"content":{"rendered":"<h2><i>D\u00e9couvrez une s\u00e9lection de produits authentiques et de qualit\u00e9 sup\u00e9rieure import\u00e9s d\u2019Italie pour vous offrir une exp\u00e9rience gustative inoubliable.<\/i><\/h2>\n<h2><i>Plongez dans l\u2019univers de la gastro<\/i>nomie italienne.<\/h2>\n<p style=\"text-align: center;\">Vernazza<em style=\"color: #1d1d1b;\">\u00a0\u00e9picerie et traiteur italien, vous accueille sur Vigneux-de-Bretagne pour vous offrir ses services : <a href=\"https:\/\/epicerievernazza.fr\/?page_id=187\">produits frais<\/a>, <a href=\"https:\/\/epicerievernazza.fr\/?page_id=190\">traiteur<\/a>, <a href=\"https:\/\/epicerievernazza.fr\/?page_id=193\">pizzas<\/a>, <a href=\"https:\/\/epicerievernazza.fr\/?page_id=196\">cave<\/a> et <a href=\"https:\/\/epicerievernazza.fr\/?page_id=199\">\u00e9picerie<\/a> du MERCREDI au SAMEDI.<\/em><\/p>\n<p>\t\t\t\t\t\t\t\t\t\t\t\t\t\t\t<img loading=\"lazy\" decoding=\"async\" width=\"696\" height=\"329\" src=\"https:\/\/epicerievernazza.fr\/wp-content\/uploads\/2023\/04\/IMG-4962-768x363.jpg\" alt=\"\" loading=\"lazy\" srcset=\"https:\/\/epicerievernazza.fr\/wp-content\/uploads\/2023\/04\/IMG-4962-768x363.jpg 768w, https:\/\/epicerievernazza.fr\/wp-content\/uploads\/2023\/04\/IMG-4962-300x142.jpg 300w, https:\/\/epicerievernazza.fr\/wp-content\/uploads\/2023\/04\/IMG-4962-1024x484.jpg 1024w, https:\/\/epicerievernazza.fr\/wp-content\/uploads\/2023\/04\/IMG-4962.jpg 1169w\" sizes=\"auto, (max-width: 696px) 100vw, 696px\"><\/p>\n<h4 style=\"text-align: center;\"><em><strong>N\u2019attendez plus et venez d\u00e9couvrir nos sp\u00e9cialit\u00e9s!<\/strong><\/em><\/h4>\n<p><img loading=\"lazy\" decoding=\"async\" width=\"1920\" height=\"1281\" src=\"https:\/\/epicerievernazza.fr\/wp-content\/uploads\/2023\/04\/E9C15BCF-F67A-4ACF-9ADF-17CE55FC91DD.jpeg\" alt=\"\" loading=\"lazy\" srcset=\"https:\/\/epicerievernazza.fr\/wp-content\/uploads\/2023\/04\/E9C15BCF-F67A-4ACF-9ADF-17CE55FC91DD.jpeg 1920w, https:\/\/epicerievernazza.fr\/wp-content\/uploads\/2023\/04\/E9C15BCF-F67A-4ACF-9ADF-17CE55FC91DD-300x200.jpeg 300w, https:\/\/epicerievernazza.fr\/wp-content\/uploads\/2023\/04\/E9C15BCF-F67A-4ACF-9ADF-17CE55FC91DD-1024x683.jpeg 1024w, https:\/\/epicerievernazza.fr\/wp-content\/uploads\/2023\/04\/E9C15BCF-F67A-4ACF-9ADF-17CE55FC91DD-768x512.jpeg 768w, https:\/\/epicerievernazza.fr\/wp-content\/uploads\/2023\/04\/E9C15BCF-F67A-4ACF-9ADF-17CE55FC91DD-1536x1025.jpeg 1536w\" sizes=\"auto, (max-width: 1920px) 100vw, 1920px\"><\/p>\n","protected":false},"excerpt":{"rendered":"<p>D\u00e9couvrez une s\u00e9lection de produits authentiques et de qualit\u00e9 sup\u00e9rieure import\u00e9s d\u2019Italie pour vous offrir une exp\u00e9rience gustative inoubliable. Plongez dans l\u2019univers de la gastronomie italienne. Vernazza\u00a0\u00e9picerie et traiteur italien, vous accueille sur Vigneux-de-Bretagne pour vous offrir ses services : produits frais, traiteur, pizzas, cave et \u00e9picerie du MERCREDI au SAMEDI. N\u2019attendez plus et venez<\/p><\/div>\n<div class=\"blog-btn\"><a href=\"https:\/\/epicerievernazza.fr\/\" class=\"home-blog-btn\">Read More<\/a><\/p>\n","protected":false},"author":1,"featured_media":0,"parent":0,"menu_order":0,"comment_status":"closed","ping_status":"closed","template":"","meta":{"footnotes":""},"class_list":["post-429","page","type-page","status-publish","hentry"],"yoast_head":"<!-- This site is optimized with the Yoast SEO plugin v26.8 - https:\/\/yoast.com\/product\/yoast-seo-wordpress\/ -->\n<title>Accueil - Epicerie Traiteur Italien Vernazza<\/title>\n<meta name=\"robots\" content=\"index, follow, max-snippet:-1, max-image-preview:large, max-video-preview:-1\" \/>\n<link rel=\"canonical\" href=\"https:\/\/epicerievernazza.fr\/\" \/>\n<meta property=\"og:locale\" content=\"en_US\" \/>\n<meta property=\"og:type\" content=\"article\" \/>\n<meta property=\"og:title\" content=\"Accueil - Epicerie Traiteur Italien Vernazza\" \/>\n<meta property=\"og:description\" content=\"D\u00e9couvrez une s\u00e9lection de produits authentiques et de qualit\u00e9 sup\u00e9rieure import\u00e9s d\u2019Italie pour vous offrir une exp\u00e9rience gustative inoubliable. Plongez dans l\u2019univers de la gastronomie italienne. Vernazza\u00a0\u00e9picerie et traiteur italien, vous accueille sur Vigneux-de-Bretagne pour vous offrir ses services : produits frais, traiteur, pizzas, cave et \u00e9picerie du MERCREDI au SAMEDI. N\u2019attendez plus et venezRead More\" \/>\n<meta property=\"og:url\" content=\"https:\/\/epicerievernazza.fr\/\" \/>\n<meta property=\"og:site_name\" content=\"Epicerie Traiteur Italien Vernazza\" \/>\n<meta property=\"article:publisher\" content=\"https:\/\/www.facebook.com\/epicerievernazzalapaquelais\" \/>\n<meta property=\"article:modified_time\" content=\"2024-11-04T17:19:13+00:00\" \/>\n<meta property=\"og:image\" content=\"http:\/\/epicerievernazza.fr\/wp-content\/uploads\/2023\/04\/IMG-4962-768x363.jpg\" \/>\n<meta name=\"twitter:card\" content=\"summary_large_image\" \/>\n<meta name=\"twitter:label1\" content=\"Est. reading time\" \/>\n\t<meta name=\"twitter:data1\" content=\"1 minute\" \/>\n<script type=\"application\/ld+json\" class=\"yoast-schema-graph\">{\"@context\":\"https:\/\/schema.org\",\"@graph\":[{\"@type\":\"WebPage\",\"@id\":\"https:\/\/epicerievernazza.fr\/\",\"url\":\"https:\/\/epicerievernazza.fr\/\",\"name\":\"Accueil - Epicerie Traiteur Italien Vernazza\",\"isPartOf\":{\"@id\":\"https:\/\/epicerievernazza.fr\/#website\"},\"primaryImageOfPage\":{\"@id\":\"https:\/\/epicerievernazza.fr\/#primaryimage\"},\"image\":{\"@id\":\"https:\/\/epicerievernazza.fr\/#primaryimage\"},\"thumbnailUrl\":\"http:\/\/epicerievernazza.fr\/wp-content\/uploads\/2023\/04\/IMG-4962-768x363.jpg\",\"datePublished\":\"2023-03-20T15:55:25+00:00\",\"dateModified\":\"2024-11-04T17:19:13+00:00\",\"breadcrumb\":{\"@id\":\"https:\/\/epicerievernazza.fr\/#breadcrumb\"},\"inLanguage\":\"en-US\",\"potentialAction\":[{\"@type\":\"ReadAction\",\"target\":[\"https:\/\/epicerievernazza.fr\/\"]}]},{\"@type\":\"ImageObject\",\"inLanguage\":\"en-US\",\"@id\":\"https:\/\/epicerievernazza.fr\/#primaryimage\",\"url\":\"http:\/\/epicerievernazza.fr\/wp-content\/uploads\/2023\/04\/IMG-4962-768x363.jpg\",\"contentUrl\":\"http:\/\/epicerievernazza.fr\/wp-content\/uploads\/2023\/04\/IMG-4962-768x363.jpg\"},{\"@type\":\"BreadcrumbList\",\"@id\":\"https:\/\/epicerievernazza.fr\/#breadcrumb\",\"itemListElement\":[{\"@type\":\"ListItem\",\"position\":1,\"name\":\"Accueil\",\"item\":\"https:\/\/epicerievernazza.fr\/\"},{\"@type\":\"ListItem\",\"position\":2,\"name\":\"Accueil\"}]},{\"@type\":\"WebSite\",\"@id\":\"https:\/\/epicerievernazza.fr\/#website\",\"url\":\"https:\/\/epicerievernazza.fr\/\",\"name\":\"Epicerie Traiteur Italien Vernazza\",\"description\":\"\",\"publisher\":{\"@id\":\"https:\/\/epicerievernazza.fr\/#organization\"},\"potentialAction\":[{\"@type\":\"SearchAction\",\"target\":{\"@type\":\"EntryPoint\",\"urlTemplate\":\"https:\/\/epicerievernazza.fr\/?s={search_term_string}\"},\"query-input\":{\"@type\":\"PropertyValueSpecification\",\"valueRequired\":true,\"valueName\":\"search_term_string\"}}],\"inLanguage\":\"en-US\"},{\"@type\":\"Organization\",\"@id\":\"https:\/\/epicerievernazza.fr\/#organization\",\"name\":\"Epicerie Traiteur Italien Vernazza\",\"url\":\"https:\/\/epicerievernazza.fr\/\",\"logo\":{\"@type\":\"ImageObject\",\"inLanguage\":\"en-US\",\"@id\":\"https:\/\/epicerievernazza.fr\/#\/schema\/logo\/image\/\",\"url\":\"https:\/\/epicerievernazza.fr\/wp-content\/uploads\/2023\/03\/Vernazza.png\",\"contentUrl\":\"https:\/\/epicerievernazza.fr\/wp-content\/uploads\/2023\/03\/Vernazza.png\",\"width\":652,\"height\":141,\"caption\":\"Epicerie Traiteur Italien Vernazza\"},\"image\":{\"@id\":\"https:\/\/epicerievernazza.fr\/#\/schema\/logo\/image\/\"},\"sameAs\":[\"https:\/\/www.facebook.com\/epicerievernazzalapaquelais\",\"https:\/\/www.instagram.com\/vernazza_la_paquelais\/\"]}]}<\/script>\n<!-- \/ Yoast SEO plugin. -->","yoast_head_json":{"title":"Accueil - Epicerie Traiteur Italien Vernazza","robots":{"index":"index","follow":"follow","max-snippet":"max-snippet:-1","max-image-preview":"max-image-preview:large","max-video-preview":"max-video-preview:-1"},"canonical":"https:\/\/epicerievernazza.fr\/","og_locale":"en_US","og_type":"article","og_title":"Accueil - Epicerie Traiteur Italien Vernazza","og_description":"D\u00e9couvrez une s\u00e9lection de produits authentiques et de qualit\u00e9 sup\u00e9rieure import\u00e9s d\u2019Italie pour vous offrir une exp\u00e9rience gustative inoubliable. Plongez dans l\u2019univers de la gastronomie italienne. Vernazza\u00a0\u00e9picerie et traiteur italien, vous accueille sur Vigneux-de-Bretagne pour vous offrir ses services : produits frais, traiteur, pizzas, cave et \u00e9picerie du MERCREDI au SAMEDI. N\u2019attendez plus et venezRead More","og_url":"https:\/\/epicerievernazza.fr\/","og_site_name":"Epicerie Traiteur Italien Vernazza","article_publisher":"https:\/\/www.facebook.com\/epicerievernazzalapaquelais","article_modified_time":"2024-11-04T17:19:13+00:00","og_image":[{"url":"http:\/\/epicerievernazza.fr\/wp-content\/uploads\/2023\/04\/IMG-4962-768x363.jpg","type":"","width":"","height":""}],"twitter_card":"summary_large_image","twitter_misc":{"Est. reading time":"1 minute"},"schema":{"@context":"https:\/\/schema.org","@graph":[{"@type":"WebPage","@id":"https:\/\/epicerievernazza.fr\/","url":"https:\/\/epicerievernazza.fr\/","name":"Accueil - Epicerie Traiteur Italien Vernazza","isPartOf":{"@id":"https:\/\/epicerievernazza.fr\/#website"},"primaryImageOfPage":{"@id":"https:\/\/epicerievernazza.fr\/#primaryimage"},"image":{"@id":"https:\/\/epicerievernazza.fr\/#primaryimage"},"thumbnailUrl":"http:\/\/epicerievernazza.fr\/wp-content\/uploads\/2023\/04\/IMG-4962-768x363.jpg","datePublished":"2023-03-20T15:55:25+00:00","dateModified":"2024-11-04T17:19:13+00:00","breadcrumb":{"@id":"https:\/\/epicerievernazza.fr\/#breadcrumb"},"inLanguage":"en-US","potentialAction":[{"@type":"ReadAction","target":["https:\/\/epicerievernazza.fr\/"]}]},{"@type":"ImageObject","inLanguage":"en-US","@id":"https:\/\/epicerievernazza.fr\/#primaryimage","url":"http:\/\/epicerievernazza.fr\/wp-content\/uploads\/2023\/04\/IMG-4962-768x363.jpg","contentUrl":"http:\/\/epicerievernazza.fr\/wp-content\/uploads\/2023\/04\/IMG-4962-768x363.jpg"},{"@type":"BreadcrumbList","@id":"https:\/\/epicerievernazza.fr\/#breadcrumb","itemListElement":[{"@type":"ListItem","position":1,"name":"Accueil","item":"https:\/\/epicerievernazza.fr\/"},{"@type":"ListItem","position":2,"name":"Accueil"}]},{"@type":"WebSite","@id":"https:\/\/epicerievernazza.fr\/#website","url":"https:\/\/epicerievernazza.fr\/","name":"Epicerie Traiteur Italien Vernazza","description":"","publisher":{"@id":"https:\/\/epicerievernazza.fr\/#organization"},"potentialAction":[{"@type":"SearchAction","target":{"@type":"EntryPoint","urlTemplate":"https:\/\/epicerievernazza.fr\/?s={search_term_string}"},"query-input":{"@type":"PropertyValueSpecification","valueRequired":true,"valueName":"search_term_string"}}],"inLanguage":"en-US"},{"@type":"Organization","@id":"https:\/\/epicerievernazza.fr\/#organization","name":"Epicerie Traiteur Italien Vernazza","url":"https:\/\/epicerievernazza.fr\/","logo":{"@type":"ImageObject","inLanguage":"en-US","@id":"https:\/\/epicerievernazza.fr\/#\/schema\/logo\/image\/","url":"https:\/\/epicerievernazza.fr\/wp-content\/uploads\/2023\/03\/Vernazza.png","contentUrl":"https:\/\/epicerievernazza.fr\/wp-content\/uploads\/2023\/03\/Vernazza.png","width":652,"height":141,"caption":"Epicerie Traiteur Italien Vernazza"},"image":{"@id":"https:\/\/epicerievernazza.fr\/#\/schema\/logo\/image\/"},"sameAs":["https:\/\/www.facebook.com\/epicerievernazzalapaquelais","https:\/\/www.instagram.com\/vernazza_la_paquelais\/"]}]}},"_links":{"self":[{"href":"https:\/\/epicerievernazza.fr\/index.php?rest_route=\/wp\/v2\/pages\/429","targetHints":{"allow":["GET"]}}],"collection":[{"href":"https:\/\/epicerievernazza.fr\/index.php?rest_route=\/wp\/v2\/pages"}],"about":[{"href":"https:\/\/epicerievernazza.fr\/index.php?rest_route=\/wp\/v2\/types\/page"}],"author":[{"embeddable":true,"href":"https:\/\/epicerievernazza.fr\/index.php?rest_route=\/wp\/v2\/users\/1"}],"replies":[{"embeddable":true,"href":"https:\/\/epicerievernazza.fr\/index.php?rest_route=%2Fwp%2Fv2%2Fcomments&post=429"}],"version-history":[{"count":138,"href":"https:\/\/epicerievernazza.fr\/index.php?rest_route=\/wp\/v2\/pages\/429\/revisions"}],"predecessor-version":[{"id":5464,"href":"https:\/\/epicerievernazza.fr\/index.php?rest_route=\/wp\/v2\/pages\/429\/revisions\/5464"}],"wp:attachment":[{"href":"https:\/\/epicerievernazza.fr\/index.php?rest_route=%2Fwp%2Fv2%2Fmedia&parent=429"}],"curies":[{"name":"wp","href":"https:\/\/api.w.org\/{rel}","templated":true}]}}

<h2><i>Découvrez une sélection de produits authentiques et de qualité supérieure importés d’Italie pour vous offrir une expérience gustative inoubliable.</i></h2>
<h2><i>Plongez dans l’univers de la gastro</i>nomie italienne.</h2>
<p style="text-align: center;">Vernazza<em style="color: #1d1d1b;"> épicerie et traiteur italien, vous accueille sur Vigneux-de-Bretagne pour vous offrir ses services : <a href="https://epicerievernazza.fr/?page_id=187">produits frais</a>, <a href="https://epicerievernazza.fr/?page_id=190">traiteur</a>, <a href="https://epicerievernazza.fr/?page_id=193">pizzas</a>, <a href="https://epicerievernazza.fr/?page_id=196">cave</a> et <a href="https://epicerievernazza.fr/?page_id=199">épicerie</a> du MERCREDI au SAMEDI.</em></p>
<p>															<img loading="lazy" decoding="async" width="696" height="329" src="https://epicerievernazza.fr/wp-content/uploads/2023/04/IMG-4962-768x363.jpg" alt="" loading="lazy" srcset="https://epicerievernazza.fr/wp-content/uploads/2023/04/IMG-4962-768x363.jpg 768w, https://epicerievernazza.fr/wp-content/uploads/2023/04/IMG-4962-300x142.jpg 300w, https://epicerievernazza.fr/wp-content/uploads/2023/04/IMG-4962-1024x484.jpg 1024w, https://epicerievernazza.fr/wp-content/uploads/2023/04/IMG-4962.jpg 1169w" sizes="auto, (max-width: 696px) 100vw, 696px"></p>
<h4 style="text-align: center;"><em><strong>N’attendez plus et venez découvrir nos spécialités!</strong></em></h4>
<p><img loading="lazy" decoding="async" width="1920" height="1281" src="https://epicerievernazza.fr/wp-content/uploads/2023/04/E9C15BCF-F67A-4ACF-9ADF-17CE55FC91DD.jpeg" alt="" loading="lazy" srcset="https://epicerievernazza.fr/wp-content/uploads/2023/04/E9C15BCF-F67A-4ACF-9ADF-17CE55FC91DD.jpeg 1920w, https://epicerievernazza.fr/wp-content/uploads/2023/04/E9C15BCF-F67A-4ACF-9ADF-17CE55FC91DD-300x200.jpeg 300w, https://epicerievernazza.fr/wp-content/uploads/2023/04/E9C15BCF-F67A-4ACF-9ADF-17CE55FC91DD-1024x683.jpeg 1024w, https://epicerievernazza.fr/wp-content/uploads/2023/04/E9C15BCF-F67A-4ACF-9ADF-17CE55FC91DD-768x512.jpeg 768w, https://epicerievernazza.fr/wp-content/uploads/2023/04/E9C15BCF-F67A-4ACF-9ADF-17CE55FC91DD-1536x1025.jpeg 1536w" sizes="auto, (max-width: 1920px) 100vw, 1920px"></p>

<p>Découvrez une sélection de produits authentiques et de qualité supérieure importés d’Italie pour vous offrir une expérience gustative inoubliable. Plongez dans l’univers de la gastronomie italienne. Vernazza épicerie et traiteur italien, vous accueille sur Vigneux-de-Bretagne pour vous offrir ses services : produits frais, traiteur, pizzas, cave et épicerie du MERCREDI au SAMEDI. N’attendez plus et venez</p></div>
<div class="blog-btn"><a href="https://epicerievernazza.fr/" class="home-blog-btn">Read More</a></p>

<!-- This site is optimized with the Yoast SEO plugin v26.8 - https://yoast.com/product/yoast-seo-wordpress/ -->
<title>Accueil - Epicerie Traiteur Italien Vernazza</title>
<meta name="robots" content="index, follow, max-snippet:-1, max-image-preview:large, max-video-preview:-1" />
<link rel="canonical" href="https://epicerievernazza.fr/" />
<meta property="og:locale" content="en_US" />
<meta property="og:type" content="article" />
<meta property="og:title" content="Accueil - Epicerie Traiteur Italien Vernazza" />
<meta property="og:description" content="Découvrez une sélection de produits authentiques et de qualité supérieure importés d’Italie pour vous offrir une expérience gustative inoubliable. Plongez dans l’univers de la gastronomie italienne. Vernazza épicerie et traiteur italien, vous accueille sur Vigneux-de-Bretagne pour vous offrir ses services : produits frais, traiteur, pizzas, cave et épicerie du MERCREDI au SAMEDI. N’attendez plus et venezRead More" />
<meta property="og:url" content="https://epicerievernazza.fr/" />
<meta property="og:site_name" content="Epicerie Traiteur Italien Vernazza" />
<meta property="article:publisher" content="https://www.facebook.com/epicerievernazzalapaquelais" />
<meta property="article:modified_time" content="2024-11-04T17:19:13+00:00" />
<meta property="og:image" content="http://epicerievernazza.fr/wp-content/uploads/2023/04/IMG-4962-768x363.jpg" />
<meta name="twitter:card" content="summary_large_image" />
<meta name="twitter:label1" content="Est. reading time" />
	<meta name="twitter:data1" content="1 minute" />
<script type="application/ld+json" class="yoast-schema-graph">{"@context":"https://schema.org","@graph":[{"@type":"WebPage","@id":"https://epicerievernazza.fr/","url":"https://epicerievernazza.fr/","name":"Accueil - Epicerie Traiteur Italien Vernazza","isPartOf":{"@id":"https://epicerievernazza.fr/#website"},"primaryImageOfPage":{"@id":"https://epicerievernazza.fr/#primaryimage"},"image":{"@id":"https://epicerievernazza.fr/#primaryimage"},"thumbnailUrl":"http://epicerievernazza.fr/wp-content/uploads/2023/04/IMG-4962-768x363.jpg","datePublished":"2023-03-20T15:55:25+00:00","dateModified":"2024-11-04T17:19:13+00:00","breadcrumb":{"@id":"https://epicerievernazza.fr/#breadcrumb"},"inLanguage":"en-US","potentialAction":[{"@type":"ReadAction","target":["https://epicerievernazza.fr/"]}]},{"@type":"ImageObject","inLanguage":"en-US","@id":"https://epicerievernazza.fr/#primaryimage","url":"http://epicerievernazza.fr/wp-content/uploads/2023/04/IMG-4962-768x363.jpg","contentUrl":"http://epicerievernazza.fr/wp-content/uploads/2023/04/IMG-4962-768x363.jpg"},{"@type":"BreadcrumbList","@id":"https://epicerievernazza.fr/#breadcrumb","itemListElement":[{"@type":"ListItem","position":1,"name":"Accueil","item":"https://epicerievernazza.fr/"},{"@type":"ListItem","position":2,"name":"Accueil"}]},{"@type":"WebSite","@id":"https://epicerievernazza.fr/#website","url":"https://epicerievernazza.fr/","name":"Epicerie Traiteur Italien Vernazza","description":"","publisher":{"@id":"https://epicerievernazza.fr/#organization"},"potentialAction":[{"@type":"SearchAction","target":{"@type":"EntryPoint","urlTemplate":"https://epicerievernazza.fr/?s={search_term_string}"},"query-input":{"@type":"PropertyValueSpecification","valueRequired":true,"valueName":"search_term_string"}}],"inLanguage":"en-US"},{"@type":"Organization","@id":"https://epicerievernazza.fr/#organization","name":"Epicerie Traiteur Italien Vernazza","url":"https://epicerievernazza.fr/","logo":{"@type":"ImageObject","inLanguage":"en-US","@id":"https://epicerievernazza.fr/#/schema/logo/image/","url":"https://epicerievernazza.fr/wp-content/uploads/2023/03/Vernazza.png","contentUrl":"https://epicerievernazza.fr/wp-content/uploads/2023/03/Vernazza.png","width":652,"height":141,"caption":"Epicerie Traiteur Italien Vernazza"},"image":{"@id":"https://epicerievernazza.fr/#/schema/logo/image/"},"sameAs":["https://www.facebook.com/epicerievernazzalapaquelais","https://www.instagram.com/vernazza_la_paquelais/"]}]}</script>
<!-- / Yoast SEO plugin. -->

Découvrez une sélection de produits authentiques et de qualité supérieure importés d’Italie pour vous offrir une expérience gustative inoubliable. Plongez dans l’univers de la gastronomie italienne. Vernazza épicerie et traiteur italien, vous accueille sur Vigneux-de-Bretagne pour vous offrir ses services : produits frais, traiteur, pizzas, cave et épicerie du MERCREDI au SAMEDI. N’attendez plus et venezRead More
